nder when 871 is divided by 827?
44
What is the remainder when 2517697 is divided by 326?
325
What is the remainder when 60236 is divided by 8589?
113
What is the remainder when 1418933 is divided by 35?
33
What is the remainder when 6296 is divided by 1096?
816
What is the remainder when 7741 is divided by 644?
13
Calculate the remainder when 7333 is divided by 3661.
11
What is the remainder when 17432 is divided by 46?
44
What is the remainder when 72161 is divided by 171?
170
What is the remainder when 296 is divided by 136?
24
What is the remainder when 15679 is divided by 423?
28
What is the remainder when 6139 is divided by 426?
175
What is the remainder when 933279 is divided by 63?
60
Calculate the remainder when 40361 is divided by 40358.
3
What is the remainder when 158519 is divided by 149?
132
Calculate the remainder when 102363 is divided by 326.
325
What is the remainder when 255200 is divided by 373?
68
Calculate the remainder when 434081 is divided by 413.
18
What is the remainder when 67665 is divided by 202?
197
What is the remainder when 15872 is divided by 1595?
1517
Calculate the remainder when 152281 is divided by 22.
19
Calculate the remainder when 2251814 is divided by 957.
950
What is the remainder when 16711 is divided by 9?
7
Calculate the remainder when 11107 is divided by 5510.
87
Calculate the remainder when 6154 is divided by 2036.
46
Calculate the remainder when 5986 is divided by 4659.
1327
What is the remainder when 2686 is divided by 670?
6
What is the remainder when 140621 is divided by 46859?
44
Calculate the remainder when 51226 is divided by 17072.
10
What is the remainder when 58588 is divided by 1065?
13
What is the remainder when 7998990 is divided by 111?
108
What is the remainder when 34574 is divided by 17278?
18
What is the remainder when 2048682 is divided by 41?
35
Calculate the remainder when 5921 is divided by 91.
6
What is the remainder when 964 is divided by 832?
132
Calculate the remainder when 9361 is divided by 208.
1
What is the remainder when 108399 is divided by 27090?
39
Calculate the remainder when 39599 is divided by 449.
87
Calculate the remainder when 17954 is divided by 5927.
173
Calculate the remainder when 11995 is divided by 31.
29
What is the remainder when 45716 is divided by 64?
20
Calculate the remainder when 10676 is divided by 21.
8
What is the remainder when 11546 is divided by 251?
0
What is the remainder when 6177 is divided by 2014?
135
Calculate the remainder when 67309 is divided by 8.
5
Calculate the remainder when 1858887 is divided by 1268.
1267
What is the remainder when 1891 is divided by 1816?
75
What is the remainder when 8030 is divided by 89?
20
What is the remainder when 90373 is divided by 1740?
1633
What is the remainder when 123053 is divided by 47?
7
Calculate the remainder when 674 is divided by 665.
9
Calculate the remainder when 59145 is divided by 36.
33
Calculate the remainder when 1395 is divided by 1385.
10
Calculate the remainder when 59969 is divided by 106.
79
Calculate the remainder when 127038 is divided by 9073.
16
What is the remainder when 1532 is divided by 133?
69
What is the remainder when 2710 is divided by 83?
54
Calculate the remainder when 1748 is divided by 53.
52
Calculate the remainder when 76104 is divided by 39.
15
Calculate the remainder when 2002 is divided by 816.
370
Calculate the remainder when 261313 is divided by 16.
1
What is the remainder when 40310 is divided by 1832?
6
Calculate the remainder when 211788 is divided by 66.
60
Calculate the remainder when 144711 is divided by 1005.
996
Calculate the remainder when 47746 is divided by 80.
66
Calculate the remainder when 1601794 is divided by 22.
18
What is the remainder when 70072 is divided by 422?
20
Calculate the remainder when 2238 is divided by 189.
159
What is the remainder when 4763 is divided by 4540?
223
Calculate the remainder when 438590 is divided by 109637.
42
Calculate the remainder when 9847 is divided by 117.
19
What is the remainder when 826 is divided by 129?
52
Calculate the remainder when 3932 is divided by 51.
5
Calculate the remainder when 12322059 is divided by 61.
59
What is the remainder when 1831867 is divided by 610620?
7
What is the remainder when 8804 is divided by 24?
20
What is the remainder when 5766 is divided by 959?
12
What is the remainder when 1439019 is divided by 23?
1
Calculate the remainder when 26724 is divided by 13302.
120
Calculate the remainder when 581 is divided by 408.
173
What is the remainder when 133785 is divided by 4613?
8
Calculate the remainder when 351054 is divided by 419.
351
What is the remainder when 1876335 is divided by 230?
225
What is the remainder when 12986 is divided by 198?
116
What is the remainder when 53043 is divided by 149?
148
Calculate the remainder when 13312 is divided by 43.
25
What is the remainder when 17409 is divided by 8?
1
What is the remainder when 7605 is divided by 251?
75
Calculate the remainder when 52835 is divided by 917.
566
What is the remainder when 252292 is divided by 252291?
1
Calculate the remainder when 1215172 is divided by 6.
4
What is the remainder when 2744 is divided by 138?
122
What is the remainder when 39124 is divided by 31?
2
What is the remainder when 610552 is divided by 321?
10
What is the remainder when 351483 is divided by 6508?
51
What is the remainder when 31967 is divided by 616?
551
What is the remainder when 87200 is divided by 507?
503
Calculate the remainder when 186008 is divided by 37197.
23
What is the remainder when 949 is divided by 117?
13
Calculate the remainder when 27430 is divided by 7.
4
What is the remainder when 25054 is divided by 12500?
54
Calculate the remainder when 38771 is divided by 38751.
20
Calculate the remainder when 7500 is divided by 3552.
396
Calculate the remainder when 39650 is divided by 793.
0
What is the remainder when 17555 is divided by 181?
179
What is the remainder when 58502 is divided by 19486?
44
What is the remainder when 36694 is divided by 41?
40
Calculate the remainder when 32251 is divided by 8062.
3
Calculate the remainder when 60913 is divided by 71.
66
What is the remainder when 1480 is divided by 35?
10
What is the remainder when 23514 is divided by 33?
18
Calculate the remainder when 5203 is divided by 473.
0
Calculate the remainder when 92820 is divided by 211.
191
What is the remainder when 1711 is divided by 527?
130
What is the remainder when 310095 is divided by 4845?
15
What is the remainder when 16008 is divided by 157?
151
Calculate the remainder when 1268668 is divided by 16.
12
What is the remainder when 1223 is divided by 406?
5
What is the remainder when 2304 is divided by 46?
4
Calculate the remainder when 56107 is divided by 1124.
1031
Calculate the remainder when 322 is divided by 21.
7
What is the remainder when 59398 is divided by 24?
22
What is the remainder when 2852 is divided by 494?
382
What is the remainder when 4757 is divided by 250?
7
What is the remainder when 622050 is divided by 6?
0
Calculate the remainder when 84939 is divided by 66.
63
What is the remainder when 765259 is divided by 20?
19
What is the remainder when 2932458 is divided by 63?
60
What is the remainder when 17298 is divided by 96?
18
What is the remainder when 722 is divided by 232?
26
Calculate the remainder when 2286373 is divided by 31.
30
Calculate the remainder when 42836 is divided by 42.
38
What is the remainder when 46951 is divided by 129?
124
Calculate the remainder when 7286 is divided by 132.
26
What is the remainder when 68787 is divided by 1346?
141
What is the remainder when 722783 is divided by 240926?
5
What is the remainder when 12868 is divided by 113?
99
Calculate the remainder when 447 is divided by 60.
27
What is the remainder when 4770 is divided by 31?
27
Calculate the remainder when 295241 is divided by 14058.
23
What is the remainder when 126164 is divided by 751?
747
Calculate the remainder when 35115 is divided by 1755.
15
Calculate the remainder when 28222 is divided by 322.
208
What is the remainder when 23925 is divided by 7727?
744
What is the remainder when 81998 is divided by 380?
298
What is the remainder when 226570 is divided by 159?
154
What is the remainder when